3 - 6*u**2 - j*u**3 + 1 + 4*u**2. Is 12 a factor of t(-1)?
True
Does 6 divide 12/15 + 3576/30?
True
Suppose 46*z - 31*z = 9915. Does 20 divide z?
False
Let s = -70 - -118. Let x be ((-2)/8)/((-4)/s). Suppose -3*o + 5*n + 46 = 0, n - 19 = -2*o + x. Is o a multiple of 6?
True
Let v(r) = -2*r - 19. Suppose -2*q + 31 = w, 6*q - 2*q = 3*w + 47. Let k be v(q). Does 8 divide 15/(-3)*k/5?
False
Suppose -4 - 20 = 4*y. Let w = y - -12. Is 16 a factor of (36/(-15))/(w/(-80))?
True
Suppose 0 = -0*h - 4*h + 32. Suppose -3*v - 60 = -h*v. Suppose -4*f = -56 - v. Does 5 divide f?
False
Let d = 1 + 5. Suppose d*x = 4*x - 14. Let u(v) = v**2 + 7*v + 6. Does 3 divide u(x)?
True
Let d = 258 - 226. Is 8 a factor of d?
True
Let q be ((-40)/(-2) - 1) + -1. Let t = q + -14. Does 4 divide t?
True
Suppose 5*q + 6*b = 4*b + 2593, -2*q + b + 1030 = 0. Suppose -10*c = c - q. Is c a multiple of 13?
False
Let i(c) = -c + 72. Is i(-12) a multiple of 4?
True
Let k = 206 + -50. Let l be 336/k - 4/26. Suppose -2*q + 28 = -l*t, 2*q + 0*q - 5*t - 22 = 0. Is 16 a factor of q?
True
Let t = -526 - -2001. Does 82 divide t?
False
Let x = -299 - -512. Is x a multiple of 3?
True
Let i = 27 + -22. Suppose -308 = -i*y - 38. Does 8 divide y?
False
Let u(q) be the second derivative of 5*q + 7/6*q**3 - 5*q**2 + 0. Is u(7) a multiple of 13?
True
Let c(x) = -44*x**3 - 5*x**2 + 7. Is 4 a factor of c(-3)?
False
Suppose -17*s + 345 - 906 = 0. Is (s/2)/(9/(-12)) a multiple of 4?
False
Let p = -504 - -866. Is 4 a factor of p?
False
Suppose 115 - 13 = 6*j. Is 2 a factor of j?
False
Suppose 16148 + 16042 = 37*j. Is j a multiple of 13?
False
Let g(f) be the third derivative of -f**5/60 - f**4/12 + 5*f**3/3 + f**2. Let y = -1329 - -1329. Does 8 divide g(y)?
False
Let h = 84 + -20. Suppose -4*i + h = -376. Does 13 divide i?
False
Suppose -8*u = -13035 - 4437. Is u a multiple of 12?
True
Suppose 5*g - 622 = 3*n + 1235, 2*g - 5*n = 739. Is g a multiple of 6?
True
Let a(v) = 94*v - 2. Let g be a(-1). Let k = g + 148. Does 8 divide k?
False
Let d = 54 - -42. Suppose 0 = 5*c - 5*r - 20, 0 = 4*c - 4*r + r - 15. Suppose c*f = d - 36. Is f a multiple of 9?
False
Let c = 454 - 246. Suppose c = 4*r - l - 2*l, 5*r = -4*l + 260. Is r a multiple of 26?
True
Let g(q) = -2*q**2 + 24*q + 50. Let l(n) = n**2 - n. Let o(m) = g(m) + 3*l(m). Does 5 divide o(-20)?
True
Let y be -3 + 2 + -2 + 0. Let k be (-2)/y - (-52)/12. Suppose -116 = -4*b + 4*v, 2*v + 113 = 4*b + k. Is 11 a factor of b?
False
Let o = 9 - 0. Let n(z) = -8 - 27*z**2 - 6*z + 0 - 26*z**2 + 54*z**2. Is 5 a factor of n(o)?
False
Let f be 2/(-3) + 16/6. Suppose 2*q + 5*z - 36 - 64 = 0, 0 = -f*z - 4. Is 9 a factor of (-10)/q - 303/(-33)?
True
Let v be (-2)/4 + 0 - 7/2. Let k(n) = -11*n - 4. Is k(v) a multiple of 20?
True
Suppose 0 = -6*o - 10 + 34. Suppose 5*r - 60 = 3*z, -o*z = -4*r + 28 + 12. Is r a multiple of 7?
False
Suppose 4*m + 187 = 3*u, 5*m + 44 = -u + 2*u. Is 69 a factor of u?
True
Suppose 2*h + 15 = -3*f, f - 5 = -2*h + 2*f. Suppose 8*j - 6*j - 48 = h. Suppose j + 255 = 3*q. Is 24 a factor of q?
False
Let j be 6/5*3100/6*1. Suppose 5*a + 60 - j = 0. Is 16 a factor of a?
True
Suppose -75*v = -69*v - 936. Is v a multiple of 9?
False
Let d = 0 + 110. Let g be 2/(-4) - d/(-20). Let u(s) = 2*s - 6. Does 2 divide u(g)?
True
Let g = -2049 - -3379. Is g a multiple of 55?
False
Let y(j) = -j**3 - 4*j**2 + 2*j - 2. Let v be y(-5). Let p(o) = o**2 + o + 2. Let z be p(0). Suppose z*k - 3 - v = 0. Does 6 divide k?
False
Is 45 a factor of ((-3508)/18)/((-18)/81)?
False
Suppose 2*o - 1433 = 3*y, -4*o - 3*y + 4*y + 2851 = 0. Is 8 a factor of o?
True
Suppose -l + 2 = 2*c - 9, -34 = -5*c + 4*l. Suppose 0*y - 24 = -c*y. Suppose y*m = 4*d - 224, 4*m - 240 = -2*d - 2*d. Does 26 divide d?
False
Suppose -29*w = -26*w + 12. Is (12/(-9))/(w/144) a multiple of 3?
True
Let z(u) = -u**2 - 19*u + 902. Is 22 a factor of z(0)?
True
Let u be (-4)/(-7) - (-4)/(28/(-711)). Let s = u + 120. Does 4 divide s?
False
Suppose -3*q + 362 = -t + 12, 4*q - t - 467 = 0. Is 39 a factor of q?
True
Suppose 7*t - 49 = 476. Does 15 divide 45/t - ((-164)/10 - -2)?
True
Let r be 3 + 0 + 5 + 4. Let d = r + 16. Is d a multiple of 14?
True
Let w be 546/(-65) + (-9)/15. Let c(o) be the second derivative of -o**5/20 - 5*o**4/6 - 13*o**3/6 - 6*o**2 - 3*o. Does 24 divide c(w)?
True
Is 31 a factor of 11721/30 - (-27)/90?
False
Let l = 941 - 299. Is l a multiple of 9?
False
Let s be (-10)/15 - 10/3. Let i be ((-2)/8)/(s/16). Is i/(-3)*8*-6 a multiple of 4?
True
Let s = -18 + 21. Suppose s*o = -0 + 15. Suppose 4*w + n = 5*n + 88, o*n + 92 = 4*w. Is w a multiple of 8?
False
Does 12 divide ((-25)/(-5) + -6)*4 - -1168?
True
Let u be -1*(0 - 1 - 1). Suppose -64 = -u*c + 314. Is c a multiple of 21?
True
Suppose 6*j - 9*j + 4*q = -842, 5*q - 1450 = -5*j. Is 26 a factor of j?
True
Let m(t) = -2*t**2 - 7*t - 5. Let y be m(-4). Let g = y - -13. Let x(k) = k**3 - 6*k + 2. Does 14 divide x(g)?
True
Let v = 39 - 37. Suppose -r + 2*u - u = -135, -v*u - 666 = -5*r. Does 22 divide r?
True
Let l = -6 + 11. Suppose -5*d - 25 = h, -4*h - 205 = -l*d + 4*d. Does 25 divide h*-1*1/1?
True
Suppose -2*r = 3*r + 5, 3*r = -5*x + 12. Let g = x - -3. Is 6 a factor of g?
True
Let a = 12 + -14. Is (((-150)/(-35))/3)/(a/(-14)) even?
True
Suppose 11*v - 8319 + 894 = 0. Does 75 divide v?
True
Let u be 10/5*6/(-15)*-5. Suppose u*h = -5*x + 27 + 50, -5*x + 31 = 2*h. Does 2 divide h?
False
Suppose d - 5*c - 434 = -3*d, 3*d = 4*c + 326. Is d a multiple of 11?
False
Suppose -6*t + 232 = -7*t. Let i = -102 - t. Is 10 a factor of i?
True
Let s be 1*(-4)/(16/(-20)). Let l be 16/s - 3/15. Suppose -3*i + 3*r = -2*r - 49, 5*r = -l*i + 59. Is 7 a factor of i?
False
Let b(p) = 91*p + 5. Is b(1) a multiple of 8?
True
Suppose h = 2*c - 167, 4*h - 95 = 3*c - 343. Is c a multiple of 2?
True
Let r be (-4)/(-12) + 134/3. Suppose -6*x = -x - r. Suppose 0 = -x*g + 4*g + 35. Is g a multiple of 2?
False
Suppose -2*r = -5 + 1. Does 2 divide r?
True
Suppose -613 + 9 = 4*j. Let p = -85 - j. Suppose -h = -3*h + p. Does 11 divide h?
True
Let x(q) = q**3 + 16*q**2 + 6*q + 9. Does 4 divide x(-15)?
True
Does 21 divide (-5565)/35*(-2 + 0 + 1)?
False
Suppose 5*c = -34*f + 29*f + 11305, 0 = 3*c + 6. Is f a multiple of 32?
False
Let i be ((-519)/(-4))/((-9)/(-12)). Suppose -139 = -4*l + i. Does 27 divide l?
False
Let q = -28 + 59. Let o = q + 33. Is o a multiple of 16?
True
Suppose -106*k + 112*k = 3210. Is k a multiple of 22?
False
Suppose 15*t = 18*t - 243. Does 3 divide t?
True
Suppose -105*k - 648 = -108*k. Does 18 divide k?
True
Suppose 5*c + 4 = 2*z - z, 5*z - 83 = 4*c. Let k = z + -15. Suppose 5*b - k*u + 9*u = 85, -3*u = -6. Does 10 divide b?
False
Let j = 17 - -553. Does 6 divide j?
True
Let z = -106 - -225. Is z a multiple of 17?
True
Let a(x) = x**2 + x + 6. Let i(f) = -f**3 - 4*f**2 - 6*f - 4. Let l be i(-3). Is a(l) a multiple of 10?
False
Is 64 a factor of (-6330 + -24)/(1 - 3 - 0)?
False
Does 23 divide 350 - (-10)/((-4)/2)?
True
Let k be (-87)/12*(-3 + 7). Let q = 157 + k. Does 24 divide q?
False
Suppose 668 = 5*m - m. Suppose -232 - m = -3*i. Suppose 3*w - 197 = -5*j, 4*j + i = 2*w + 9. Is w a multiple of 16?
True
Suppose 3*l + 4*t - 2 = -3, 5*t - 5 = -5*l. Let q be (-4)/(-3) - -6*8/(-36). Suppose q = l*d - 11 - 14. Is 5 a factor of d?
True
Let r(z) = z**3 - 4*z**2 - 3*z - 6. Let g be r(5). Suppose g*f = -42 + 618. Suppose -4*l = -4*x - f, l + 144 = 5*l + x. Is l a multiple of 18?
True
Let a = -211 + 398. Let l = 265 - a. Is 8 a factor of l?
False
Suppose -7*y = -3*y + 24. Let n = y + 112. Is n a multiple of 11?
False
Suppose -12 = -2*u + 6*u, -5*j = -3*u - 649. Let r(q) = q**3 + 13*q**2 - 10*q - 17. Let g be r(-12). Suppose -g = -5*w + j. Is w a multiple of 25?
True
Suppose 2*d - 3*u + 31 = 0, -5*u + 11 = -14. Let y(g) = -14*g - 19. Does 31 divide y(d)?
True
Suppose -x = -3*y + 5, y + x - 2*x = 5. Suppose y = -0*f + 3*f - 69. Suppose -f = -3*d + 2*d. Is d a multiple of 8?
False
Let a(x) = 49*x**2 + 3*x + 8. Let z be a(-2). Suppose 5*u + 3*p = 504, 2*u + 3*p + 0*p - z = 0. Does 15 divide u?
False
Let x(b) = -b**3 + 72*b**2 - 134*b - 176. Is x(69) a multiple of 14?
False
Let j(y) = -y**3 - 2*y**2 + 10*y + 7. Let b be (-17)/3 - 17/51. Is j(b) a multiple of 1